ctors of j?
2, 11
Let g(h) = 2*h**3 + h**2 + 3*h - 5. List the prime factors of g(2).
3, 7
Let h(g) = 3*g**3 + 3*g**2 - g - 3. List the prime factors of h(3).
2, 3, 17
Let d be (0 + (-2)/(-3))*3. Suppose q = d*q - 10. List the prime factors of q.
2, 5
Suppose -5*i + 682 = 7*z - 3*z, 2*i - 2*z - 280 = 0. List the prime factors of i.
2, 3, 23
Let p(g) = g**3 + 2*g**2. Let w be p(2). Suppose w = 3*b + b. What are the prime factors of b?
2
Let i(b) be the second derivative of -b**5/20 + 5*b**4/12 - b**3/3 + b**2 + 4*b. List the prime factors of i(3).
2, 7
Suppose 2*i = -4*t + 22, 5*t - 3*i = -i + 5. Suppose t*l + l = -16. List the prime factors of 9/12 + (-5)/l.
2
List the prime factors of 6*(100/15 - 3).
2, 11
Suppose -21*o = -22*o + 50. List the prime factors of o.
2, 5
Let d(x) = -25*x. Let n(a) = a**2 - 3*a + 1. Let r be n(1). What are the prime factors of d(r)?
5
Let i be (-6)/(-21) - (-94)/14. Let c = -1 + i. List the prime factors of (4/(-6))/(c/(-27)).
3
Let n(f) = -f**2 + f + 17. Let u be n(0). Suppose 3 + u = 4*q. What are the prime factors of q?
5
Let s(g) be the third derivative of g**6/360 - g**5/120 - g**4/6 + g**3/2 - 4*g**2. Let c(k) be the first derivative of s(k). List the prime factors of c(3).
2
Let h = -4 + 13. Let u(l) = -l**2 - 6*l - 6. Let a be u(-5). Let k = h + a. What are the prime factors of k?
2
Suppose 0 = -2*b + p - 9 + 44, -4*b = -5*p - 85. What are the prime factors of b?
3, 5
Let q be 14 + -1 + 5 + -1. Suppose -q + 131 = 3*r. List the prime factors of r.
2, 19
Let k = 19 - 12. List the prime factors of k.
7
Let f = -107 - -179. List the prime factors of f.
2, 3
Let m(k) = k**3 + 15*k**2 + 28*k + 12. What are the prime factors of m(-12)?
2, 3
Let o be 3/(-6) - 242/(-4). What are the prime factors of (-24)/o + 47/5?
3
Suppose 4*k = 6*k - 76. What are the prime factors of k?
2, 19
Let s = 31 + -21. Let f = s - 7. Suppose k = 3*a - 23, a - f*a - k + 17 = 0. List the prime factors of a.
2
Suppose 5*s - 3*y = 476, 2*s + 488 = 7*s + y. List the prime factors of s.
97
List the prime factors of 2/6 - 268/(-6).
3, 5
Let d(j) = -j**2 - 12*j - 3. Let n be d(-10). Suppose -5*u - n + 72 = 0. List the prime factors of u.
11
Suppose -14*p = -18*p + 472. Let z = p + -79. List the prime factors of z.
3, 13
Let i = 65 - -70. List the prime factors of i.
3, 5
Let s(b) be the second derivative of b**4/6 - b**3/2 - 2*b**2 + 27*b. Suppose -2*r - 3*r = -20. What are the prime factors of s(r)?
2
Suppose -39*r + 465 = -34*r. List the prime factors of r.
3, 31
List the prime factors of 1050/98 - (-4)/14.
11
Let n(s) be the third derivative of -s**6/120 + s**5/10 - s**4/6 + 5*s**3/6 - 2*s**2. List the prime factors of n(5).
2, 5
Let t be (4 - 1)*448/24. Suppose 0*y + y = t. List the prime factors of y.
2, 7
Let n = 19 + -11. Suppose 0 = -2*d - 4*l + 4 + 12, -3*d - 4*l = -20. Let t = n - d. What are the prime factors of t?
2
Suppose -r + 66 = 3*w, 14 = w - 3*r + 2. Let l = -3 + 14. Let h = w - l. What are the prime factors of h?
2, 5
Let f = 60 + -22. Let l = -12 + f. What are the prime factors of l?
2, 13
Suppose -4*j - 5*c + 249 = 0, -2*c + 4*c + 181 = 3*j. Suppose -2*o + j = -15. List the prime factors of o.
2, 19
Let f = 8 - 7. What are the prime factors of (2 - f)*(14 + -1)?
13
Let w(f) = -17*f**3 + 3*f**2 + 4*f - 2. Let p(u) = -8*u**3 + 2*u**2 + 2*u - 1. Let h(x) = 5*p(x) - 3*w(x). List the prime factors of h(1).
11
Suppose -293 = -5*i + b, 0 = -5*i - b - 3*b + 303. List the prime factors of i.
59
Suppose -1 = 3*h + 2*i - 2, 5*h = i + 19. Let s be (-8)/(-28) - 328/(-28). Suppose h*f + f - s = 0. List the prime factors of f.
3
Suppose 0 = 3*j + j + 8. Let p be -1 - j - (0 + -2). Suppose 4*m = -p + 31. List the prime factors of m.
7
Let b be 2098/7 + 6/21. Let c be ((-2)/(-5))/((-5)/b). What are the prime factors of (-1)/(-2)*-1*c?
2, 3
Suppose -48 = -l - 3*l. Suppose h = 5*h + l, 2*y - 4*h = 40. What are the prime factors of y?
2, 7
Let s(h) = h**2 + 5*h. Let u be s(-5). Suppose u = 2*p + 2*p - 28. What are the prime factors of p?
7
Let f = 5 + -4. Suppose -18 - f = -x. List the prime factors of x.
19
Suppose -6 - 10 = -4*k. Suppose 7 = -k*i + 51. List the prime factors of i.
11
Suppose -w - 5*l - 16 = 0, -2*l - 9 = 3*w - 0*w. Let k(u) = -10*u - 1. Let y be k(w). Let v = y + 5. List the prime factors of v.
2, 7
Suppose 1 + 13 = -2*b + 2*t, 0 = 4*t - 4. Let a = b - -16. List the prime factors of a.
2, 5
What are the prime factors of 4*1/(-2) + 50?
2, 3
Suppose -4*x - 1 - 7 = 0. List the prime factors of x/9 - (-654)/27.
2, 3
Suppose 0 = -b + 10 + 9. List the prime factors of b.
19
Let y(h) = h + 8. Let s be y(-4). What are the prime factors of (-4)/8 - (-62)/s?
3, 5
Let j(y) = y**2 - 4*y + 1. Let g be j(5). Let v(u) = u + 12. Let h be v(0). Let k = h - g. What are the prime factors of k?
2, 3
Let c(x) = -8*x - 3. Suppose 0 = -b - 5*d - 9, -3*d + 5*d + 6 = -b. Let p be c(b). Suppose 3*u = k - 0*u - p, 0 = 5*k + 3*u - 73. List the prime factors of k.
17
Let p(w) = -2*w + 9. Let b = 13 - 4. Let y be p(b). Let f(x) = x**3 + 10*x**2 + 10*x + 12. List the prime factors of f(y).
3
Let n = -27 - -47. Suppose 0 = -6*d + d + n. List the prime factors of d.
2
Suppose 0*b - 156 = -3*b. List the prime factors of b.
2, 13
Let w(a) = -5*a - 5. Suppose -11*z - 8 = -10*z. What are the prime factors of w(z)?
5, 7
Let s = 0 - -2. Suppose 44 = 2*z + s*z. Suppose 3*f = z + 7. List the prime factors of f.
2, 3
Let p(d) = 2*d**2 + 8*d - 5. Let x(g) = 2*g + 8. Let v be x(-7). List the prime factors of p(v).
19
Let j = -18 - -12. Let f be 0*(-3)/j + 68. Suppose -4*n - 5*u + 46 = 0, -u = 5*n - 0*u - f. What are the prime factors of n?
2, 7
Let r(g) = 4*g**2 - 1 + g**2 + 7 + 5*g - 1 - g**3. Let q be r(6). Let f = q + 3. List the prime factors of f.
2
Suppose n = -h + 6, 3*n + h - 12 = -n. Let o = n + 3. List the prime factors of o.
5
Let h(x) = 2 + 1 - 4 + 3*x**2 + 2 - 2*x. Let k be h(1). Suppose -k*z = -5*z + 6. What are the prime factors of z?
2
Suppose -3*v - 3 = -r - 2*v, -15 = 2*r + 5*v. Suppose r*f = f - 3. Suppose 0 = -0*l + 2*l + 4*q - 32, -4*l = f*q - 79. What are the prime factors of l?
2, 11
Let b = 304 - 112. What are the prime factors of b?
2, 3
Suppose -c = -n - 14, -2*n - 3*n - 58 = -2*c. What are the prime factors of (8/n + 0)*-20?
2
Suppose 3*m - 4*o = -7*o + 45, -5*m + o = -45. Let a(t) = 5*t**2 - 2*t + 1. Let v be a(1). Let f = m - v. What are the prime factors of f?
2, 3
Suppose 4*t + 0*b = -b + 17, -5*b + 17 = 3*t. Suppose 3*x = t*x - 3. List the prime factors of x.
3
List the prime factors of 2/(-10) + 3252/60.
2, 3
Suppose -4*h + 198 - 6 = 0. Suppose -a = -4*a + h. List the prime factors of a.
2
Suppose 9 = 3*x - 0*u + 5*u, 5*x - 5*u - 15 = 0. Let y(p) = 46*p - 16*p - 1 - 24*p. What are the prime factors of y(x)?
17
Let u be (-609)/(-14) - 1/2. Suppose 36 = 3*j + f, -3*f - u = -2*j - 8. List the prime factors of j.
13
Let l = 72 - 61. What are the prime factors of l?
11
Suppose 0*l - 1 = l. Let z = 14 + 0. What are the prime factors of z/l*2/(-4)?
7
Let y(c) = c - 3. Let q be y(7). Suppose q*j = -j + 15. Suppose 4*x + 16 = -3*w + 49, j*w - 39 = -2*x. What are the prime factors of w?
3, 5
Let f = 41 - 22. Suppose x + 4 = f. List the prime factors of (x/(-1))/((-9)/6).
2, 5
Suppose -4*p + 3*j + 3 = -45, 48 = 4*p - 4*j. List the prime factors of (-2)/p - (-55)/6.
3
Let l(g) = -g**3 - 6*g**2 - 6*g + 5. Let y = 16 - 10. Let i be 42/(-9) + (-2)/y. List the prime factors of l(i).
2, 5
Let k(q) = 25*q**3 + q**2 + 4 - 3 - 2. List the prime factors of k(1).
5
Suppose 3*n - 31 - 26 = -3*o, -5*o + 135 = -3*n. List the prime factors of o.
2, 3
Suppose g - 1 - 1 = 0. Suppose -5*y + i = -14, -y + 0 = g*i - 5. List the prime factors of y.
3
Suppose 4*v - 5*f + 37 = 0, 0*v - 2*f + 19 = -3*v. List the prime factors of (2/v)/((-4)/72).
2, 3
Suppose 0 = 3*x - 4*x - 49. Let i = -26 - x. What are the prime factors of i?
23
Suppose 0 = -5*p + 4*p, 0 = -g - p + 92. Suppose -g = -5*b + b. What are the prime factors of b?
23
Let m be -15*-1*(-2)/(-6). Suppose -m*r + 24 + 21 = 0. List the prime factors of r.
3
Let k(p) = p - 1. Let s be k(5). Suppose -4*m + s*b = 7*b - 74, -5*m - 4*b + 93 = 0. List the prime factors of m.
17
Suppose 3*c = c + 48. List the prime fa